{"id":4543,"date":"2022-09-05T11:28:18","date_gmt":"2022-09-05T09:28:18","guid":{"rendered":"https:\/\/www.teatroprincipaldealicante.com\/visites-reals-i-personalitats\/"},"modified":"2022-09-21T11:36:04","modified_gmt":"2022-09-21T09:36:04","slug":"visites-reals-i-personalitats","status":"publish","type":"page","link":"https:\/\/www.teatroprincipaldealicante.com\/val\/visites-reals-i-personalitats\/","title":{"rendered":"Visites reals i personalitats"},"content":{"rendered":"\n<h3 class=\"wp-block-heading\">Visites reals<\/h3>\n\n<p>El Teatre Principal al llarg de la seua hist\u00f2ria va rebre diverses visites reals: Amadeu I el 15 de mar\u00e7 de 1871, Isabel II el 26 de mar\u00e7 de 1858, Alfons XIII el 17 de gener de 1909, Sof\u00eda de Gr\u00e8cia el 6 de maig de 1991 i Juan Carlos i Sof\u00eda el 18 d&#8217;abril de 1995.<\/p>\n\n<h3 class=\"wp-block-heading\">Personalitats de les Arts Esc\u00e8niques i de la M\u00fasica<\/h3>\n\n<p>Des de la seua inauguraci\u00f3 el Teatre Principal ha sigut un lloc de gran significaci\u00f3 per a la ciutat. En ell s&#8217;han realitzat innombrables i importants activitats. Baste l&#8217;esment de rellevants figures de les arts esc\u00e8niques i de la m\u00fasica que han actuat en el:<br\/><br\/>Margarita Xirgu, Juli\u00e1n Gayarre, Juli\u00e1n Romea, Mar\u00eda Guerrero, Sagi-Barba, Jos\u00e9 y Mar\u00eda Isbert, Marcos Redondo, Pablo Sarasate, Pastora Imperio, Lola Flores, Valeriano Le\u00f3n, Aurora Redondo, Mar\u00eda Fernanda Ladr\u00f3n de Guevara, Amparo Rivelles, Concha Piquer, Juanita Reina, Andr\u00e9s Segovia, Narciso Yepes, Mar\u00eda Asquerino, Fernando Fern\u00e1n G\u00f3mez, Arthur Rubinstein, Mary Carrillo, Ismael Merlo, Alberto Closas, Jos\u00e9 Mar\u00eda Rodero, Concha Velasco, Joaqu\u00edn Cort\u00e9s, Aitana S\u00e1nchez Gij\u00f3n, Irene y Julia Gutierrez Caba, Jos\u00e9 Luis L\u00f3pez V\u00e1zquez, Mar\u00eda Jes\u00fas Vald\u00e9s, Antonio Gades, Victor Ullate, Ainhoa Arteta, Federico Luppi, Nuria Esp\u00e9rt, Adolfo Marsillach, Norma Alejandro, \u00c1ngel Corella, Mar\u00eda Gimenez, Julio Bocca, Antonio Canales, Rosa M\u00aa Sard\u00e0, Lola Herrera, Juan Echanove, Natalia Dicenta, Jos\u00e9 M\u00aa Pou, Jos\u00e9 Sacrist\u00e1n, Lindsay Kemp, Ana M\u00aa S\u00e1nchez, Jos\u00e9 Sempere&#8230;<br\/><br\/>Aix\u00ed com formacions de gran significaci\u00f3 esc\u00e8nica com:<br\/>Els Joglars, Tricicle, Dagoll Dagom i Teatre Lliure.<\/p>\n","protected":false},"excerpt":{"rendered":"<p>Visites reals El Teatre Principal al llarg de la seua hist\u00f2ria va rebre diverses visites reals: Amadeu I el 15 de mar\u00e7 de 1871, Isabel II el 26 de mar\u00e7 de 1858, Alfons XIII el 17 de gener de 1909, Sof\u00eda de Gr\u00e8cia el 6 de maig de 1991 i Juan Carlos i Sof\u00eda el [&hellip;]<\/p>\n","protected":false},"author":1,"featured_media":0,"parent":0,"menu_order":0,"comment_status":"closed","ping_status":"closed","template":"","meta":{"footnotes":""},"class_list":["post-4543","page","type-page","status-publish","hentry"],"_links":{"self":[{"href":"https:\/\/www.teatroprincipaldealicante.com\/val\/wp-json\/wp\/v2\/pages\/4543","targetHints":{"allow":["GET"]}}],"collection":[{"href":"https:\/\/www.teatroprincipaldealicante.com\/val\/wp-json\/wp\/v2\/pages"}],"about":[{"href":"https:\/\/www.teatroprincipaldealicante.com\/val\/wp-json\/wp\/v2\/types\/page"}],"author":[{"embeddable":true,"href":"https:\/\/www.teatroprincipaldealicante.com\/val\/wp-json\/wp\/v2\/users\/1"}],"replies":[{"embeddable":true,"href":"https:\/\/www.teatroprincipaldealicante.com\/val\/wp-json\/wp\/v2\/comments?post=4543"}],"version-history":[{"count":1,"href":"https:\/\/www.teatroprincipaldealicante.com\/val\/wp-json\/wp\/v2\/pages\/4543\/revisions"}],"predecessor-version":[{"id":4544,"href":"https:\/\/www.teatroprincipaldealicante.com\/val\/wp-json\/wp\/v2\/pages\/4543\/revisions\/4544"}],"wp:attachment":[{"href":"https:\/\/www.teatroprincipaldealicante.com\/val\/wp-json\/wp\/v2\/media?parent=4543"}],"curies":[{"name":"wp","href":"https:\/\/api.w.org\/{rel}","templated":true}]}}